 5.
24
What is 89 (base 15) in base 2?
10000001
-4 (base 12) to base 6
-4
Convert -11 (base 2) to base 11.
-3
Convert -4 (base 15) to base 7.
-4
Convert -1001110 (base 2) to base 5.
-303
Convert -39 (base 15) to base 14.
-3c
3a (base 14) to base 11
48
What is -11001 (base 3) in base 15?
-74
What is 101100 (base 2) in base 4?
230
What is 54 (base 13) in base 12?
59
-30 (base 9) to base 15
-1c
What is 241 (base 6) in base 4?
1201
Convert a (base 15) to base 12.
a
What is -1001 (base 2) in base 11?
-9
50 (base 12) to base 15
40
Convert 4 (base 16) to base 8.
4
111 (base 2) to base 13
7
-6 (base 12) to base 15
-6
1a9 (base 13) to base 3
102102
What is -1210 (base 3) in base 5?
-143
-1 (base 15) to base 4
-1
What is -155 (base 11) in base 4?
-2311
What is 11 (base 2) in base 16?
3
Convert 10032 (base 4) to base 10.
270
What is -2 (base 16) in base 8?
-2
11 (base 2) to base 9
3
-11 (base 7) to base 16
-8
What is 4 (base 14) in base 10?
4
Convert 5 (base 15) to base 16.
5
What is -201 (base 3) in base 9?
-21
Convert 11 (base 12) to base 5.
23
Convert 10 (base 2) to base 6.
2
What is 3 (base 15) in base 5?
3
Convert -4 (base 11) to base 10.
-4
What is 37 (base 9) in base 10?
34
What is 3 (base 7) in base 2?
11
Convert -10 (base 10) to base 3.
-101
What is -251 (base 12) in base 5?
-2344
Convert 2 (base 15) to base 5.
2
-43 (base 6) to base 14
-1d
What is -10010001 (base 2) in base 5?
-1040
What is -43 (base 5) in base 4?
-113
Convert 31 (base 4) to base 10.
13
Convert 120 (base 8) to base 4.
1100
What is 10 (base 2) in base 9?
2
-110 (base 2) to base 7
-6
What is -13 (base 11) in base 2?
-1110
Convert 1300 (base 4) to base 9.
134
What is -13 (base 6) in base 15?
-9
What is -5 (base 11) in base 6?
-5
Convert -100010011 (base 2) to base 10.
-275
-c (base 14) to base 12
-10
What is -6 (base 11) in base 8?
-6
Convert -39 (base 14) to base 3.
-1220
Convert -11 (base 2) to base 16.
-3
Convert -3 (base 7) to base 9.
-3
What is -4 (base 14) in base 9?
-4
What is -45 (base 10) in base 16?
-2d
Convert 11 (base 12) to base 7.
16
12 (base 15) to base 5
32
What is -3 (base 12) in base 9?
-3
2 (base 7) to base 14
2
39 (base 10) to base 11
36
Convert -4 (base 6) to base 4.
-10
Convert 34 (base 5) to base 9.
21
What is -121 (base 3) in base 15?
-11
5 (base 6) to base 2
101
What is 0 (base 16) in base 14?
0
-3 (base 10) to base 11
-3
38 (base 12) to base 11
40
What is 15 (base 7) in base 3?
110
What is 39 (base 13) in base 10?
48
What is 18 (base 12) in base 7?
26
Convert 7b (base 14) to base 13.
85
12 (base 11) to base 7
16
-45 (base 13) to base 6
-133
What is -1 (base 6) in base 11?
-1
What is b (base 12) in base 6?
15
11 (base 5) to base 9
6
Convert -91 (base 13) to base 16.
-76
What is -1 (base 11) in base 15?
-1
What is 1011 (base 2) in base 10?
11
What is 94 (base 10) in base 4?
1132
Convert 53 (base 7) to base 11.
35
Convert -4 (base 12) to base 9.
-4
Convert 2342 (base 5) to base 3.
110212
-10 (base 3) to base 4
-3
-4 (base 14) to base 7
-4
Convert 20 (base 12) to base 14.
1a
Convert 25 (base 8) to base 3.
210
What is 11111 (base 2) in base 12?
27
-541 (base 7) to base 12
-1aa
What is 11 (base 5) in base 3?
20
What is 1b (base 13) in base 11?
22
What is 17 (base 13) in base 8?
24
What is -3 (base 11) in base 7?
-3
What is 7 (base 14) in base 9?
7
94 (base 11) to base 7
205
7 (base 16) to base 14
7
-232 (base 5) to base 2
-1000011
What is -2 (base 4) in base 16?
-2
Convert -23 (base 6) to base 9.
-16
2 (base 5) to base 10
2
What is 254 (base 6) in base 7?
211
-8 (base 14) to base 11
-8
Convert 80 (base 9) to base 3.
2200
What is 84 (base 9) in base 5?
301
What is -24 (base 9) in base 11?
-20
Convert -22 (base 12) to base 7.
-35
Convert 7 (base 13) to base 2.
111
-4 (base 13) to base 16
-4
Convert -85 (base 9) to base 4.
-1031
Convert 3 (base 6) to base 13.
3
What is 1 (base 13) in base 12?
1
What is 0 (base 15) in base 11?
0
Convert -12 (base 8) to base 9.
-11
1 (base 9) to base 13
1
5 (base 8) to base 12
5
0 (base 16) to base 8
0
6c (base 13) to base 5
330
5 (base 13) to base 12
5
What is -1102 (base 3) in base 11?
-35
Convert -35 (base 15) to base 10.
-50
-2 (base 7) to base 12
-2
Convert 0 (base 12) to base 8.
0
Convert -7 (base 13) to base 5.
-12
What is 57 (base 14) in base 4?
1031
What is -34 (base 5) in base 10?
-19
Convert 1100 (base 2) to base 12.
10
What is -7 (base 13) in base 11?
-7
58 (base 10) to base 12
4a
Convert -231 (base 4) to base 10.
-45
3 (base 15) to base 13
3
Convert 47 (base 13) to base 15.
3e
-2 (base 9) to base 4
-2
What is 4 (base 9) in base 4?
10
-124 (base 5) to base 3
-1110
-11b (base 12) to base 6
-435
Convert 2210 (base 3) to base 14.
55
Convert a (base 16) to base 5.
20
-1 (base 8) to base 16
-1
What is 30 (base 7) in base 4?
111
20 (base 5) to base 15
a
What is 101010 (base 2) in base 6?
110
What is -1 (base 4) in base 13?
-1
11 (base 3) to base 8
4
What is 89 (base 15) in base 6?
333
Convert -306 (base 8) to base 13.
-123
What is a (base 13) in base 5?
20
-71 (base 15) to base 5
-411
What is -18 (base 15) in base 6?
-35
10 (base 4) to base 14
4
Convert -3 (base 9) to base 7.
-3
Convert 4 (base 9) to base 4.
10
-40 (base 7) to base 2
-11100
19 (base 12) to base 5
41
-122 (base 4) to base 8
-32
What is 33 (base 16) in base 8?
63
-22 (base 9) to base 3
-202
-1 (base 6) to base 8
-1
Convert -1 (base 13) to base 9.
-1
What is -232 (base 7) in base 2?
-1111001
43 (base 12) to base 4
303
-17 (base 14) to base 16
-15
3 (base 8) to base 5
3
-311 (base 4) to base 2
-110101
Convert 213 (base 6) to base 16.
51
What is 0 (base 7) in base 10?
0
Convert -6 (base 15) to base 11.
-6
b6 (base 15) to base 13
102
What is -28 (base 12) in base 14?
-24
What is 30 (base 7) in base 13?
18
What is 2 (base 8) in base 9?
2
What is -1 (base 13) in base 12?
-1
Convert -3 (base 14) to base 15.
-3
What is 100 (base 2) in base 4?
10
What is 6 (base 7) in base 8?
6
Convert 4 (base 10) to base 8.
4
What is 1112 (base 3) in base 8?
51
2110 (base 3) to base 10
66
3 (base 12) to base 3
10
What is -1012 (base 3) in base 13?
-26
2 (base 3) to base 13
2
-23 (base 12) to base 11
-25
What is 100 (base 8) in base 14?
48
What is -1 (base 10) in base 16?
-1
13 (base 15) to base 11
17
Convert 2 (base 7) to base 2.
10
Convert -26 (base 7) to base 16.
-14
Convert 1b (base 15) to base 2.
11010
330 (base 4) to base 10
60
-4 (base 11) to base 15
-4
What is 26 (base 10) in base 7?
35
3 (base 4) to base 14
3
Convert 2 (base 12) to base 7.
2
18 (base 16) to base 10
24
-5 (base 11) to base 12
-5
4 (base 10) to base 6
4
Convert 225 (base 10) to base 11.
195
7e (base 15) to base 6
315
Convert 2 (base 6) to base 4.
2
-39 (base 11) to base 15
-2c
Convert -1 (base 14) to base 15.
-1
What is 100 (base 10) in base 9?
121
Convert 6a (base 11) to base 9.
84
What is -2 (base 9) in base 11?
-2
Convert -2 (base 9) to base 11.
-2
What is -6 (base 15) in base 12?
-6
Convert 1 (base 12) to base 5.
1
Convert -7 (base 12) to base 9.
-7
Convert d (base 16) to base 4.
31
What is 6 (base 10) in base 6?
10
-2023 (base 4) to base 16
-8b
-202 (base 4) to base 10
-34
121 (base 5) to base 9
40
125 (base 7) to base 2
1000100
What is -101 (base 2) in base 16?
-5
-3 (base 5) to base 15
-3
What is -3 (base 15) in base 9?
-3
Convert a8 (base 12) to base 9.
152
What is 10 (base 2) in base 8?
2
-21 (base 3) to base 13
-7
Convert 2 (base 10) to base 2.
10
132 (base 7) to base 15
4c
101001 (base 2) to base 4
221
What is 0 (base 11) in base 16?
0
What is -31 (base 9) in base 16?
-1c
-12 (base 8) to base 5
-20
Convert 50 (base 8) to base 3.
1111
Convert 13 (base 6) to base 3.
100
What is 21 (base 9) in base 5?
34
Convert 37 (base 13) to base 15.
31
What is 0 (base 2) in base 8?
0
Convert -23 (base 11) to base 13.
-1c
Convert -91 (base 16) to base 3.
-12101
Convert -24 (base 16) to base 3.
-1100
What is -28 (base 10) in base 13?
-22
What is -1021 (base 3) in base 7?
-46
-21 (base 8) to base 14
-13
What is -3 (base 11) in base 7?
-3
Convert 0 (base 2) to base 6.
0
What is 1033 (base 4) in base 12?
67
What is -42 (base 6) in base 16?
-1a
What is -2 (base 8) in base 13?
-2
Convert 42 (base 8) to base 2.
100010
-92 (base 10) to base 9
-112
What is -2 (base 14) in base 3?
-2
2 (base 8) to base 4
2
Convert 227 (base 